of 12 and 12.
12
Calculate the highest common divisor of 250 and 2.
2
Calculate the greatest common factor of 28 and 700.
28
What is the highest common divisor of 79 and 316?
79
What is the greatest common factor of 4 and 6?
2
What is the highest common factor of 816 and 96?
48
Calculate the greatest common divisor of 3650 and 50.
50
What is the highest common divisor of 34 and 85816?
34
What is the greatest common factor of 294 and 5614?
14
Calculate the highest common factor of 448 and 7.
7
What is the greatest common divisor of 238 and 3689?
119
What is the highest common factor of 2430 and 30?
30
What is the greatest common divisor of 22 and 21802?
22
Calculate the highest common factor of 1512 and 1566.
54
Calculate the highest common divisor of 306 and 85.
17
Calculate the greatest common divisor of 166 and 2573.
83
Calculate the highest common factor of 1221 and 891.
33
Calculate the greatest common divisor of 150 and 174.
6
What is the highest common factor of 1812 and 84?
12
What is the greatest common divisor of 13 and 21788?
13
Calculate the greatest common factor of 852 and 36.
12
What is the greatest common divisor of 1014 and 2873?
169
What is the greatest common factor of 20 and 500?
20
What is the greatest common divisor of 2358 and 18?
18
Calculate the greatest common factor of 480 and 50.
10
What is the greatest common divisor of 152 and 8911?
19
Calculate the greatest common divisor of 55 and 484.
11
What is the highest common divisor of 38 and 58691?
19
Calculate the greatest common divisor of 4768 and 8.
8
Calculate the highest common factor of 35475 and 43.
43
What is the highest common factor of 1242 and 46?
46
Calculate the highest common factor of 980 and 84.
28
What is the highest common factor of 648 and 312?
24
What is the greatest common factor of 9 and 27?
9
What is the highest common divisor of 96 and 1056?
96
What is the greatest common factor of 164 and 123?
41
What is the greatest common divisor of 33 and 1441?
11
Calculate the highest common factor of 22 and 5126.
22
Calculate the highest common divisor of 1 and 166.
1
Calculate the highest common divisor of 5900 and 600.
100
Calculate the highest common divisor of 230 and 2.
2
Calculate the greatest common factor of 123 and 5.
1
Calculate the greatest common factor of 50847 and 51.
51
Calculate the highest common factor of 55 and 19140.
55
Calculate the highest common divisor of 8 and 768.
8
What is the greatest common divisor of 1600 and 64?
64
What is the greatest common divisor of 612 and 36?
36
What is the greatest common divisor of 120 and 160?
40
What is the greatest common factor of 165 and 45?
15
Calculate the highest common divisor of 13475 and 825.
275
What is the highest common factor of 3840 and 30?
30
What is the greatest common factor of 49 and 91?
7
What is the highest common factor of 155 and 124?
31
Calculate the greatest common divisor of 71 and 284.
71
Calculate the highest common factor of 8 and 360.
8
What is the greatest common factor of 1647 and 27?
27
Calculate the highest common divisor of 1464 and 72.
24
What is the greatest common divisor of 10437 and 735?
147
Calculate the highest common divisor of 795 and 141.
3
Calculate the greatest common divisor of 134 and 5762.
134
What is the highest common factor of 5 and 95?
5
Calculate the highest common factor of 209 and 4256.
19
What is the greatest common divisor of 102 and 24?
6
Calculate the highest common factor of 48 and 4.
4
What is the greatest common divisor of 1023 and 1302?
93
What is the highest common factor of 10 and 470?
10
What is the greatest common divisor of 6 and 1119?
3
What is the greatest common divisor of 26 and 117?
13
Calculate the greatest common factor of 24 and 444.
12
Calculate the greatest common divisor of 304 and 464.
16
Calculate the greatest common divisor of 19 and 76.
19
What is the greatest common divisor of 11620 and 28?
28
What is the highest common factor of 274 and 2877?
137
Calculate the highest common divisor of 56 and 14072.
8
Calculate the highest common factor of 42 and 2226.
42
What is the highest common factor of 765 and 5865?
255
Calculate the greatest common divisor of 17 and 68.
17
What is the highest common divisor of 21 and 217?
7
Calculate the highest common divisor of 467 and 1.
1
What is the greatest common factor of 3 and 729?
3
Calculate the highest common divisor of 490 and 588.
98
Calculate the highest common divisor of 7709 and 13.
13
Calculate the greatest common factor of 779 and 19.
19
Calculate the highest common divisor of 1260 and 230.
10
What is the greatest common factor of 1800 and 25?
25
Calculate the highest common divisor of 10 and 11170.
10
Calculate the highest common factor of 57 and 9671.
19
What is the greatest common factor of 109 and 7412?
109
What is the highest common factor of 4578 and 336?
42
Calculate the greatest common divisor of 3644 and 20.
4
What is the highest common factor of 134 and 2?
2
Calculate the greatest common factor of 44 and 20.
4
What is the highest common factor of 96 and 156?
12
Calculate the greatest common divisor of 48 and 312.
24
What is the highest common divisor of 2 and 307?
1
What is the highest common divisor of 510 and 340?
170
Calculate the greatest common divisor of 27960 and 10.
10
What is the highest common factor of 40511 and 34?
17
Calculate the highest common factor of 756 and 324.
108
What is the greatest common factor of 744 and 558?
186
What is the greatest common divisor of 1056 and 66?
66
Calculate the highest common factor of 69 and 2967.
69
What is the highest common factor of 11560 and 20?
20
What is the greatest common divisor of 62 and 2418?
62
Calculate the highest common factor of 21 and 22491.
21
What is the highest common factor of 29 and 638?
29
What is the highest common divisor of 330 and 18?
6
Calculate the highest common factor of 5324 and 2.
2
What is the greatest common divisor of 144 and 2064?
48
What is the greatest common divisor of 14157 and 585?
117
Calculate the greatest common divisor of 28 and 217.
7
What is the greatest common factor of 8 and 8?
8
Calculate the highest common factor of 180 and 440.
20
What is the greatest common divisor of 9 and 333?
9
What is the highest common divisor of 4 and 148?
4
What is the greatest common factor of 32 and 14416?
16
What is the highest common divisor of 39 and 260?
13
What is the greatest common factor of 42 and 2366?
14
Calculate the highest common divisor of 12 and 4812.
12
What is the highest common factor of 37 and 1295?
37
What is the greatest common factor of 273 and 65?
13
Calculate the highest common factor of 420 and 196.
28
What is the greatest common factor of 1088 and 68?
68
What is the greatest common factor of 24 and 744?
24
Calculate the highest common factor of 44 and 803.
11
What is the greatest common divisor of 1 and 23?
1
What is the greatest common factor of 357 and 63?
21
What is the greatest common divisor of 342 and 456?
114
What is the highest common divisor of 9 and 25?
1
What is the highest common factor of 79 and 1501?
79
What is the greatest common divisor of 1113 and 63?
21
What is the highest common factor of 72 and 9792?
72
Calculate the highest common factor of 68 and 187.
17
What is the greatest common factor of 630 and 75?
15
Calculate the highest common factor of 3 and 69.
3
Calculate the greatest common divisor of 10000 and 80.
80
Calculate the highest common divisor of 5729 and 17.
17
Calculate the highest common factor of 1166 and 88.
22
What is the highest common factor of 448 and 252?
28
Calculate the greatest common divisor of 18 and 294.
6
What is the greatest common divisor of 180 and 40?
20
Calculate the highest common divisor of 1596 and 42.
42
What is the greatest common factor of 52 and 144?
4
What is the greatest common factor of 14 and 666?
2
Calculate the greatest common divisor of 129 and 1419.
129
What is the highest common divisor of 15437 and 43?
43
What is the greatest common factor of 8610 and 630?
210
Calculate the highest common factor of 51 and 1632.
51
Calculate the highest common divisor of 407 and 22.
11
What is the highest common factor of 324 and 162?
162
Calculate the highest common factor of 270 and 420.
30
Calculate the high